1855. Determine i(25).
-80
Let b(l) = -l**2 + 517*l - 9346. Calculate b(19).
116
Let m(d) = -d**3 + 86*d**2 - 239*d - 50. Give m(3).
-20
Let h(u) = 8*u**3 + 72*u**2 - 412*u - 40. What is h(6)?
1808
Let v(c) = 3*c**2 + 3743*c + 55466. Give v(-15).
-4
Let h(i) = -2523*i - 158515. Determine h(-63).
434
Let j(c) = -68*c**3 + 270*c**2 - c - 4. Give j(4).
-40
Let q(l) = -l**3 + 25*l**2 - 359*l + 8936. Determine q(25).
-39
Let w(a) = -2*a**3 - 452*a**2 - 1880*a - 120864. What is w(-223)?
2
Let f(q) = -1397*q**2 + 19562*q - 65. Determine f(14).
-9
Let g(l) = -6*l**3 - 26*l**2 - 71*l - 252. What is g(-4)?
0
Let y(s) = -9*s**3 + 418*s**2 + 225*s + 116. What is y(47)?
-354
Let p(g) = -9197173*g - 101168897. Determine p(-11).
6
Let j(r) = 1633*r - 883452. What is j(541)?
1
Let s(m) = -9*m**2 - 777*m - 259. What is s(-86)?
-1
Let u(h) = -51*h + 3814. Calculate u(79).
-215
Let k(x) = 24*x**3 - 1230*x**2 + 325*x - 980. Determine k(51).
-11
Let n(w) = 6*w**3 - 1086*w**2 + 1088*w - 1432. Give n(180).
8
Let h(n) = -n**2 - 142*n - 4515. Calculate h(-49).
42
Let j(b) = -b**3 + 2*b**2 - 147*b + 2201. Determine j(19).
-6729
Let s(a) = a**2 - 128753*a + 6. Determine s(0).
6
Let c(g) = 6*g**2 + 30690*g - 214853. Determine c(7).
271
Let j(p) = -61*p - 2119. Calculate j(-34).
-45
Let x(y) = 41*y + 3733. Calculate x(-96).
-203
Let b(u) = -2*u**3 - 217*u**2 - 72*u + 3902. Calculate b(-108).
14
Let r(i) = i**3 - i**2 + 8*i - 181. Determine r(0).
-181
Let s(v) = 16*v**3 + 1761*v**2 + 113*v - 509. Determine s(-110).
-839
Let o(c) = -c**2 - 26*c + 95237. Calculate o(296).
-75
Let v(m) = 2473596*m - 7420807. Give v(3).
-19
Let a(q) = -410*q - 42407. Determine a(-105).
643
Let r(f) = 10*f**3 + 130*f**2 + 1159*f + 15055. Calculate r(-13).
-12
Let m(l) = -l**3 + 8808*l**2 + 35255*l + 10. What is m(-4)?
-18
Let m(o) = -4*o**2 - 484*o - 1085. What is m(-123)?
-2069
Let m(t) = 2*t**3 - 246*t**2 + 717*t + 44. What is m(120)?
-316
Let f(b) = -b**3 + 43*b**2 - 183*b + 4130. Calculate f(41).
-11
Let y(a) = 13*a**2 + 199*a - 531. Determine y(3).
183
Let m(d) = 88319*d + 353271. Calculate m(-4).
-5
Let p(z) = -9*z**3 - 4*z**2 + z + 6. Give p(5).
-1214
Let m(p) = -11*p**3 + 9*p**2 - 24*p + 18. Determine m(2).
-82
Let o(h) = 73049*h - 365168. Give o(5).
77
Let s(b) = 6502*b + 780219. Give s(-120).
-21
Let v(u) = -6*u**3 + 1147*u**2 + 4445*u + 7795. Determine v(195).
-5
Let o(x) = 12*x**2 + 405*x - 222. What is o(-40)?
2778
Let q(n) = 1396*n - 3821. Give q(3).
367
Let d(n) = -2*n**3 - 5*n**2 - 7*n - 10. Calculate d(-3).
20
Let a(n) = 2*n**3 + 22*n**2 - 41*n - 111. What is a(-13)?
-254
Let g(d) = -7*d**3 - 22*d**2 - 18480*d - 55421. What is g(-3)?
10
Let w(r) = -r**3 - 111*r**2 - 3012*r - 344. What is w(-64)?
-88
Let i(m) = -3*m**2 + 69*m - 791. Calculate i(12).
-395
Let r(v) = -3*v**3 + 201*v**2 - 568*v - 178. Determine r(64).
334
Let z(g) = g**3 + 52*g**2 - 76*g + 293. Determine z(-54).
-1435
Let o(g) = 5*g**3 - 5839*g**2 - 12872*g + 2370. Determine o(1170).
30
Let d(z) = 3*z**3 + 2229*z**2 - 4467*z + 2233. Give d(-745).
-2
Let m(f) = -f**3 + f**2 + 6138*f + 114. Calculate m(0).
114
Let f(w) = w**2 + 3237*w - 2271183. Calculate f(593).
7
Let q(j) = 4*j**3 - 233*j**2 - 430*j + 649. Determine q(60).
49
Let m(b) = 66*b**2 - 38*b + 6. Determine m(5).
1466
Let g(w) = 4894*w - 4724. What is g(1)?
170
Let p(t) = 2*t**3 - 8*t**2 - 45*t. What is p(-4)?
-76
Let k(s) = 7*s**2 - 808*s - 2409. What is k(-3)?
78
Let i(l) = 7*l**2 - 196*l + 827. Calculate i(25).
302
Let o(h) = -h**2 - 405*h + 2888. What is o(7)?
4
Let f(l) = 2*l**2 + 170*l + 3508. What is f(-35)?
8
Let b(t) = 8*t**3 + 680*t**2 - 28*t - 2902. Give b(-85).
-522
Let h(t) = 268*t**3 + t**2 + 289*t + 289. Give h(-1).
-267
Let w(r) = r**3 - 201*r**2 + 4988*r + 27. What is w(172)?
27
Let j(s) = -2*s**2 - 112207*s - 76. Calculate j(0).
-76
Let c(h) = -h**2 + 933*h - 69015. Give c(81).
-3
Let k(u) = -517*u + 2362. Calculate k(7).
-1257
Let h(c) = 9*c**2 - 51*c - 1134. Give h(14).
-84
Let d(z) = 2*z**2 + 140*z + 3901. Determine d(-28).
1549
Let h(d) = d**2 - 4403*d + 118150. Calculate h(27).
-2
Let f(t) = 90*t + 2281. Give f(-42).
-1499
Let h(o) = -116*o + 4670. Calculate h(58).
-2058
Let z(a) = -a**3 + 8*a**2 + 13*a - 5. Determine z(2).
45
Let x(j) = j**3 + 36*j**2 + 39*j - 865. Determine x(-34).
121
Let b(u) = u**3 - 42*u**2 + 255*u - 255. Give b(35).
95
Let u(k) = k**3 + 22*k**2 - 28*k + 636. What is u(-20)?
1996
Let f(n) = -2*n**2 + 2685*n - 13380. What is f(5)?
-5
Let i(d) = 3*d**3 + 76*d**2 + 233*d + 9931. Determine i(-27).
-5
Let n(z) = -65*z**3 + 7*z**2 + 20*z - 139. Determine n(5).
-7989
Let w(s) = -s**3 - 46*s**2 + 95*s + 2134. What is w(-47)?
-122
Let w(h) = 34*h - 3314. Calculate w(71).
-900
Let w(d) = -1697*d - 117092. Calculate w(-69).
1
Let c(x) = x**2 - 199461*x - 4787629. Calculate c(-24).
11
Let d(v) = 16*v**2 + 1114*v + 1769. Give d(-68).
1
Let f(q) = 140933*q + 1550170. What is f(-11)?
-93
Let m(x) = -20*x**3 - 44*x**2 + 95*x + 116. Calculate m(-1).
-3
Let y(s) = -4*s**2 + 395*s - 155. Calculate y(98).
139
Let i(p) = 103*p + 17206. Determine i(-162).
520
Let p(c) = -18255*c + 292055. Give p(16).
-25
Let g(r) = -2*r**3 - 290*r**2 - 356*r - 94570. Calculate g(-146).
38
Let t(a) = -2406*a**2 - 14438*a - 104. Calculate t(-6).
-92
Let g(h) = -848*h + 405353. What is g(478)?
9
Let w(l) = l**2 - 11112*l + 188614. Give w(17).
-1
Let j(r) = 3*r**2 + 116*r + 1779. Calculate j(-29).
938
Let z(t) = -4*t**2 - 4384*t - 4384. Give z(-1).
-4
Let n(b) = -372559*b - 6333497. What is n(-17)?
6
Let o(h) = -296513*h + 7412827. Determine o(25).
2
Let g(q) = 384*q - 114027. Determine g(297).
21
Let r(u) = -2*u**3 - 357*u**2 + 2753*u - 6861. Determine r(-186).
21
Let o(l) = l**3 - 25*l**2 - 1251*l + 103. Calculate o(50).
53
Let q(w) = 3*w**2 + 722*w + 35744. What is q(-171)?
5
Let r(t) = 5*t**3 + 1980*t**2 - 18225*t - 4. Determine r(9).
-4
Let c(q) = -10*q**2 - 4872*q + 8623. Calculate c(-489).
-179
Let v(p) = 5*p**2 + 1375*p + 35668. Calculate v(-29).
-2
Let n(c) = -13*c**2 - 5312*c + 53360. Calculate n(10).
-1060
Let y(h) = -5609*h + 134620. What is y(24)?
4
Let d(b) = -b**3 - 12*b**2 - 5114*b - 40659. Calculate d(-8).
-3
Let y(d) = d**3 - 288*d**2 - 362*d + 104543. Determine y(288).
287
Let x(y) = 2051*y**2 + 4112*y + 25. Give x(-2).
5
Let l(s) = 12*s**3 + 144*s**2 - 3446*s + 246. What is l(-24)?
6
Let z(y) = -y**2 + 158*y - 5948. What is z(89)?
193
Let n(h) = 276637*h + 829896. What is n(-3)?
-15
Let d(h) = -17*h**2 - 221*h + 1957. Determine d(-19).
19
Let i(a) = -4*a**2 - 1103*a - 2077. Calculate i(-273).
926
Let q(f) = -35*f**2 - 1727*f + 2954. What is q(-51)?
-4
Let n(u) = 7*u**2 - 1493*u - 98767. What is n(-53)?
25
Let y(j) = -2290*j + 48094. What is y(21)?
4
Let r(a) = -2*a**3 + 35*a - 110. Give r(-5).
-35
Let g(k) = -k**3 - 72*k**2 - 938*k - 109. Determine g(-55).
56
Let l(r) = -r**2 - 28*r + 3135. Calculate l(-69).
306
Let o(m) = -10*m**2 + 183*m - 1013. Calculate o(7).
-222
Let p(t) = 4512*t + 99492. What is p(-22)?
228
Let d(t) = -15380*t + 9489477. What is d(617)?
17
Let s(a) = 4*a**2 - 624*a + 15165. Calculate s(29).
433
Let u(a) = 4*a**2 - 47*a + 194. Calculate u(14).
320
Let d(u) = 1156*u + 19652. Calculate d(-17).
0
Let x(l) = -64*l**2 + 542*l - 143. What is x(8)?
97
Let q(m) = 19*m**3 + 211*m**2 + 7*m - 177. What is q(-11)?
-12
Let n(m) = 241*m + 45318. Determine n(-188).
10
Let d(w) = -w**3 + 36*w**2 + 92718*w + 4891. Determine d(-287).
12
Let d(r) = 54*r**2 + 40*r - 16. Determine d(-4).
688
Let p(q) = 3*q**3 - q**2 - 402*q - 1166. Give p(-3).
-50
Let w(j) = -87*j - 2969. Give w(-46).
1033
Let u(h) = 5*h**3 + 53*h**2 + 624*h + 3504. Calculate u(-7).
18
Let b(y) = -740*y - 25863. Give b(-35).
37
Let w(k) = -55*k**2 - 824*k + 3370. Calculate w(4).
-806
Let z(s) = -584145*s - 7009736. What is z(-12)?
4
Let o(t) = -110*t**2 + 5059*t + 33. What is o(46)?
-13
Let q(w) = -89*w**2 - 7099*w - 12269. Calculate q(-78).
-23
Let g(i) = -1963*i + 60846. What is g(31)?
-7
Let n(s) = -s**2 + 3083*s + 559872. Give n(-172).
12
Let u(i) = -1024*i - 6880. Calculate u(-8).
1312
Let r(o) = 3*o**3 - 79*o**2 + 30*o + 48. Determine r(26).
152
Let m(u) = -7*u**3 - 20*u**2 - 5*u + 21. Give m(-5).
421
Let g(z) = 440*z + 7079. Determine g(-15).
479
Let x(